or of a and 47.
47
Let d(h) = -h**3 - 3*h**2 + 8*h + 15. Let x be d(-9). Calculate the highest common factor of 132 and x.
33
Let q(b) = -29*b - 117. Let l be q(-5). Suppose -31 = -3*y - 7. Calculate the highest common factor of y and l.
4
Let x(y) = -y**2 - 25*y + 232. Let h be x(-32). What is the greatest common divisor of h and 4?
4
Suppose -2*c + 0*c = -5*i + 210, 2*c + 50 = i. What is the highest common divisor of i and 16?
8
Suppose 3*d - 2*l - 502 = 0, 3*d - 331 = d + 5*l. Calculate the greatest common factor of d and 28.
28
Let n(f) = -f**3 - 18*f**2 - 2*f + 27. Let h be n(-18). What is the highest common divisor of 1 and h?
1
Suppose 40*k - 7764 + 2004 = 0. Calculate the greatest common factor of k and 64.
16
Suppose 2*c - 434 = -5*o, 2*o = o - 3*c + 79. What is the highest common divisor of o and 33?
11
Let z = 187 + -176. Calculate the highest common factor of z and 319.
11
Suppose 0 = 3*l - 990. What is the highest common divisor of 30 and l?
30
Let u(n) = 18*n**2 + 25*n - 45. Let t be u(-9). Calculate the greatest common factor of t and 324.
108
Let s be ((-3 - 1) + 20)*(-500)/(-5). What is the highest common divisor of s and 50?
50
Let u = -24 + 23. Let m be u/3 + (-554)/(-6). Calculate the greatest common divisor of 23 and m.
23
Suppose -v + 5*i - 20 = 0, -5*v + i + 19 = -1. Let n be v/(5/(-3)) + 4. Let w be -8*n/4*-2. What is the highest common factor of 24 and w?
4
Let j(k) = k + 3. Let r be j(-3). Suppose -3*h + 481 = 5*i, 3*i + r*h = 4*h + 306. Suppose -2*o - 30 = -i. What is the greatest common divisor of o and 85?
17
Let x(u) = -7*u - 122. Let i be x(-19). Suppose -3*m + 36 = -15. Let t = m - i. What is the highest common divisor of t and 6?
6
Suppose -2*z + 126 = z. Let p = 143 - 122. What is the greatest common divisor of p and z?
21
Suppose -10*l = -14*l + 984. Suppose -l - 414 = -5*y. Calculate the greatest common factor of 12 and y.
12
Let i be (104/12)/2 - (-2)/3. Suppose -42 - 3 = -i*f. Calculate the highest common factor of f and 9.
9
Let v be (-118)/(-8) + 18/72. Suppose -v = -8*p + 5*p. What is the highest common factor of 1 and p?
1
Let n(y) = -y**3 - 2*y**2 + 11*y + 34. Let l be n(-5). Calculate the greatest common divisor of l and 351.
27
Suppose 0 = 3*o - 13 + 43. Let n be 3 + 5/(o/(-62)). Suppose 3*d - 134 = -3*u + 31, -u - 251 = -5*d. What is the highest common factor of n and d?
17
Let l(j) = j**2 - j + 1. Let y be l(2). Suppose -n - 2*k + 13 = k, 17 = 2*n + y*k. Suppose n*f = -0*f + 104. What is the greatest common divisor of 65 and f?
13
Suppose 0 = -2*o - 5*k + 14, -6 - 20 = -2*o - 2*k. Suppose r - o = 35. Suppose g + 3*g = r. Calculate the highest common divisor of g and 13.
13
Suppose -2*f + 5*j = -132, -27*f - 96 = -29*f - 4*j. Let n(r) = -7*r + 3. Let q be n(-3). Calculate the highest common divisor of f and q.
8
Suppose -5*x - 43 - 22 = 0. Let y be (-5 - -2)*x/(273/1330). What is the highest common divisor of y and 76?
38
Let a = -46 + 88. Let z be (a/9)/(4/6). Calculate the greatest common factor of z and 56.
7
Suppose -5*g = -2*m - 207, 0*g + 2*m = -2*g + 80. What is the highest common divisor of g and 41?
41
Let v = -1768 - -1781. Suppose 3*x = -0*x + 156. What is the highest common factor of x and v?
13
Suppose -2*b - 6 = -3*b. Suppose 5*y - 4*z = -25, 0 = y - 5*z + b - 1. Let t(c) = c + 8. Let o be t(y). Calculate the greatest common divisor of o and 21.
3
Let y be (-3 + 4)*(-2)/(-1). Let l = 37 - 36. What is the greatest common factor of l and y?
1
Let c = -8 + 15. Let j be (-54)/66 + 6/(-33). Let w be ((-420)/12)/(j*1). What is the highest common factor of c and w?
7
Let f = 94 - 64. Let w = 53 - f. Let v = 45 + w. Calculate the greatest common factor of v and 17.
17
Let z(g) = -g + 11. Let p be z(5). Suppose 2 - p = -u. Suppose -14 = r + h + 3*h, 0 = u*r + h - 4. What is the greatest common divisor of r and 5?
1
Let z be (-3 + -27)*(-12)/8. Suppose 5*w + 3*c = 300, 22 + z = w + 2*c. Calculate the highest common divisor of 19 and w.
19
Let y = -31 + 16. Let a = -6 - y. Calculate the highest common divisor of a and 72.
9
Let d be -1 - (1 - -3) - -8. What is the greatest common divisor of 27 and d?
3
Let q(h) = -h**2 - 29*h + 8. Let g be q(-29). What is the greatest common divisor of 288 and g?
8
Suppose -5*r = -8*r + 15. Suppose 2*f - 4*s - 11 = 11, -4*s + 23 = f. Calculate the highest common divisor of r and f.
5
Let g(j) = 2*j**3 - 25*j**2 + 4*j + 9. Let y be g(13). Calculate the greatest common factor of y and 115.
115
Suppose 5*i + j = 25, 52*j = -3*i + 55*j + 33. What is the greatest common factor of 96 and i?
6
Suppose -3 - 41 = -4*j + v, 0 = 5*j - 3*v - 55. Suppose -j = 3*r + 4. Let k(m) = m**2 + 3*m - 3. Let g be k(r). What is the greatest common divisor of 21 and g?
7
Suppose 3*w + 177 = 9*s, 95*s - 94*s - 25 = 3*w. Let f be (-6)/9*114/(-4). Calculate the greatest common divisor of s and f.
19
Let d be (6/(-12))/(2/(-4)). Suppose 27*r - 15 = 24*r. What is the greatest common divisor of d and r?
1
Let l be 7 - 15/(-25)*-5. Suppose 4*x - 88 = -5*j + 3*j, -3*x + 156 = l*j. What is the highest common factor of 252 and j?
36
Let q(a) = 22*a**2 + 12*a - 96. Let v be q(6). What is the greatest common factor of v and 18?
6
Let i be (-2 + 7)/((-43)/(-473)). What is the greatest common factor of i and 297?
11
Let i(m) = 7*m**3 - 7*m**2 + 3*m**2 + 3*m**2. Let c be i(1). What is the greatest common factor of 6 and c?
6
Let k be (-96)/(-2) + (0 - -2)*2. Calculate the highest common divisor of k and 39.
13
Suppose 5*m = 2*b + 310 + 79, -3*m - 3*b + 246 = 0. Calculate the highest common factor of 395 and m.
79
Suppose -4*q + 48 = -0*q. Let n = 89 + 7. What is the greatest common divisor of n and q?
12
Suppose 44 = -0*r - 2*r. Let z = -11 - r. Let c = -8 + 41. Calculate the greatest common divisor of c and z.
11
Let l(y) = 23*y + 143. Let i be l(-6). Let q be (2 - 0)/((-2)/(-45)). What is the highest common factor of i and q?
5
Suppose 11*j - 255 + 35 = 0. Let r = 88 + -48. Calculate the highest common factor of j and r.
20
Let l = -10 - -14. Suppose 0 = -y - 8 + 10. What is the greatest common divisor of y and l?
2
Suppose 2*x + 4*d = 244, -5*d - 92 = -x - d. Suppose x = 2*z - 128. What is the greatest common divisor of 15 and z?
15
Suppose 3*n + 3*x + 41 = -1, -3*x + 21 = -4*n. Let j(f) = -f**3 - 9*f**2 - 13*f - 19. Let b be j(n). Calculate the greatest common factor of b and 28.
14
Suppose 12*l + 193 + 71 = 0. Let s be l/(-5) - (-8 + (-168)/(-20)). Calculate the highest common factor of 16 and s.
4
Suppose -94*p + 95*p - 52 = 0. Let o = -2 - -4. Suppose 39 = u + o*u. Calculate the highest common divisor of p and u.
13
Let t(o) = o**2 + 3*o - 1. Let v be t(-5). Let z be 1 - (-8*17 + 2). Suppose 4*l - 261 = z. Calculate the greatest common factor of l and v.
9
Let d(p) = -p**2 - 51*p + 154. Let k be d(-53). What is the greatest common divisor of k and 3072?
48
Suppose -12 = -3*v - 3*k, 0*v - 5*v = -2*k - 6. Let c be (0 - -1) + v + -1. Let a be ((-100)/(-24) - 4)*6. Calculate the greatest common divisor of a and c.
1
Let o be (55/25 - 4)/(9/(-240)). What is the greatest common divisor of o and 132?
12
Let o(u) = 3*u - 1. Let l be o(4). Suppose 14*t - 15 = l*t. Suppose -2*d + 25 = 3*d. Calculate the greatest common factor of t and d.
5
Suppose -5*r + 5*c + 1205 = 0, -5*r = c - 45 - 1178. Suppose n - r = -3*n. Let g = n - 43. What is the greatest common factor of g and 198?
18
Suppose 4*t - t - 312 = 0. Let o(s) = 6*s**2 + 3*s - 4. Let m be o(2). What is the greatest common divisor of m and t?
26
Let q(u) = -2*u - 7. Let b be q(-5). Suppose 0 = -b*w + 5*w - 140. Calculate the highest common divisor of 7 and w.
7
Let d(k) = k**2 + 8*k + 7. Let b be d(-8). Let i(q) = -2*q - 2 + 1 + b. Let o be i(-4). Calculate the highest common divisor of 42 and o.
14
Suppose 48 = -3*r + 5*m, -4*m + 8 + 4 = 0. Let c = r - -66. Calculate the highest common divisor of 11 and c.
11
Let r(w) = 4*w**2 - w - 3. Let q(x) = x**2 + 1. Let p(f) = 5*q(f) - r(f). Let k be p(-5). What is the greatest common factor of 196 and k?
28
Suppose 0*w - 2184 = 12*w. Let v = -86 - w. What is the greatest common divisor of 12 and v?
12
Let r(y) = -28*y**2 - 27 + 60*y - 16 + 8*y**3 - 7*y**3. Let v be r(26). What is the highest common fact